
14
Let h(n) = -25*n + 2. Give h(-1).
27
Let q(j) = j**2 + 39*j - 618. Calculate q(12).
-6
Let h(f) = f**3 - 12*f**2 - 15*f + 10. Determine h(13).
-16
Let n(y) = -93*y - 188. Determine n(-2).
-2
Let r(n) = -4*n - 20. Give r(-6).
4
Let o(p) = -2*p + 27. Give o(13).
1
Let i(f) = f**2 + 8*f - 7. What is i(-5)?
-22
Let j(o) = -2*o**2 - 30*o - 23. What is j(-14)?
5
Let j(n) = -5*n - 4. Give j(-2).
6
Let n(j) = j**3 - 6*j**2 - 9*j - 1. What is n(7)?
-15
Let m(q) = q**2 + 5*q + 7. Calculate m(-5).
7
Let c(t) = 2*t**2 - t - 16. Give c(3).
-1
Let h(b) = -b**3 + 19*b**2 + 21*b - 18. Give h(20).
2
Let c(i) = 10*i + 10. Calculate c(3).
40
Let q(z) = z**2 + 3*z - 2. Determine q(1).
2
Let i(g) = g**3 + 10*g**2 - 9*g - 12. Determine i(-11).
-34
Let p(l) = -18*l - 3. Give p(0).
-3
Let n(p) = 3*p + 18. Give n(4).
30
Let g(c) = -2*c - 4. Determine g(-8).
12
Let y(w) = -w**3 + 8*w**2 - 5*w - 13. Give y(7).
1
Let p(m) = -m**3 - 2*m**2 - 1. Determine p(-3).
8
Let a(x) = x**3 + 10*x**2 - 5*x - 49. What is a(-10)?
1
Let b(p) = -4*p + 5. Calculate b(-3).
17
Let q(b) = -b**3 + 27*b**2 + 6*b - 172. What is q(27)?
-10
Let s(n) = 2*n - 2. Give s(-7).
-16
Let x(w) = -w**3 - 12*w**2 + 15*w + 12. Determine x(-13).
-14
Let f(a) = -16*a - 3. What is f(-2)?
29
Let c(r) = -33*r - 3. Calculate c(2).
-69
Let c(i) = 5*i - 4. Calculate c(-6).
-34
Let a(g) = g + 3. Calculate a(-8).
-5
Let d(v) = v**2 - 13*v - 5. Calculate d(13).
-5
Let i(t) = 2*t**2 + 16*t + 9. Give i(-8).
9
Let u(q) = q**3 - 8*q**2 + 7*q + 1. Give u(7).
1
Let s(h) = -2*h**2 + 25*h + 6. What is s(12)?
18
Let i(z) = z**3 - 20*z**2 + 29*z + 115. Calculate i(18).
-11
Let o(l) = -3*l**2 + 2*l + 4. Calculate o(-2).
-12
Let f(r) = 11*r + 268. Give f(-25).
-7
Let h(m) = -4*m**3 + 5*m**2 - 8*m + 7. Give h(2).
-21
Let f(m) = m**3 - 9*m**2 + 7*m - 12. Give f(8).
-20
Let s(t) = -t**3 + 2*t**2 + 20*t - 17. Determine s(-4).
-1
Let r(k) = -3*k + 21. Give r(6).
3
Let d(h) = 19*h - 51. Calculate d(3).
6
Let x(m) = m**3 - 11*m**2 + 25*m + 24. Determine x(8).
32
Let r(v) = v - 25. Calculate r(13).
-12
Let g(q) = -q**3 + 5*q**2 - q. What is g(5)?
-5
Let c(f) = 6*f**2 - 1. Determine c(1).
5
Let r(u) = -8*u**3 - 2*u**2 - 2*u - 4. What is r(-2)?
56
Let p(f) = 2*f**2 + 5*f - 13. Determine p(-6).
29
Let r(u) = -u**3 - 16*u**2 - 17*u - 22. Give r(-15).
8
Let t(p) = -2*p - 26. Give t(-12).
-2
Let i(s) = 21*s + 113. What is i(-6)?
-13
Let h(u) = -u**3 + 7*u**2 + 7*u. Determine h(8).
-8
Let m(d) = -d**3 - 41*d**2 - 115*d - 37. Determine m(-38).
1
Let t(z) = -z + 22. Give t(22).
0
Let o(l) = -l**3 + 4*l**2 + l + 16. Determine o(5).
-4
Let c(d) = d**2 - 6*d + 6. Give c(5).
1
Let w(v) = v**2 - 26*v + 28. Determine w(24).
-20
Let n(d) = 6*d + 75. What is n(-13)?
-3
Let b(c) = -2*c**3 + 14*c**2 + 3*c + 4. Determine b(7).
25
Let t(y) = 2*y - 4. Determine t(9).
14
Let l(u) = u**3 - 9*u**2 - u + 3. Determine l(9).
-6
Let g(k) = 2*k**3 + 2*k**2 - 7*k. Calculate g(-3).
-15
Let d(l) = l + 24. Calculate d(-8).
16
Let d(l) = -l**3 + 14*l**2 - 12*l - 5. Calculate d(13).
8
Let l(u) = 7*u + 1. Determine l(-4).
-27
Let g(w) = -w**2 + 6*w - 6. Determine g(4).
2
Let q(k) = k**3 - 10*k**2 - 38*k - 34. Calculate q(13).
-21
Let v(u) = -6*u**2 + 116*u + 3. Determine v(19).
41
Let t(j) = 3*j + 4. Give t(0).
4
Let m(x) = x**2 + 4*x - 39. What is m(5)?
6
Let s(b) = b**3 + 14*b**2 - 16*b - 12. Give s(-15).
3
Let t(b) = 3*b**3 + 1. Calculate t(1).
4
Let p(b) = -b**3 - 7*b**2 - 2*b - 6. Determine p(-7).
8
Let x(v) = 3*v**2 + 10*v + 8. Determine x(-8).
120
Let n(s) = -21*s + 132. What is n(9)?
-57
Let n(t) = -5*t**3 - t + 1. Determine n(2).
-41
Let j(d) = d**2 - d - 21. Calculate j(-7).
35
Let i(p) = -p**2 + 1. Give i(2).
-3
Let c(q) = q - 21. Give c(26).
5
Let f(h) = -h + 12. What is f(5)?
7
Let d(b) = b**3 - 26*b**2 - 29*b + 31. Calculate d(27).
-23
Let h(w) = -6*w - 35. Give h(-9).
19
Let a(u) = -u**2 + 6*u - 3. What is a(7)?
-10
Let r(b) = -b**3 + 8*b**2 - 16*b + 71. What is r(7)?
8
Let r(f) = -f + 1. What is r(-11)?
12
Let g(r) = 57*r + 12. Determine g(-2).
-102
Let o(p) = -p**2 - 13*p - 19. Determine o(-11).
3
Let w(k) = -k**3 + 4*k**2 - 6*k + 3. Calculate w(2).
-1
Let r(v) = -2*v - 19. What is r(-16)?
13
Let t(v) = -v**3 + 18*v**2 + 17*v + 32. Calculate t(19).
-6
Let p(a) = a**3 - 3*a**2 - 12*a + 2. What is p(5)?
-8
Let f(s) = -3*s - 14. Give f(-11).
19
Let g(c) = -2*c + 11. Determine g(8).
-5
Let s(f) = -2*f**3 + 4*f**2 - f + 2. Give s(3).
-19
Let x(m) = -m**3 + m**2 - 2. Give x(2).
-6
Let f(u) = 4*u + 35. Calculate f(-18).
-37
Let u(c) = 3*c**3 + 3*c**2 + 2*c - 1. What is u(-2)?
-17
Let t(u) = u + 8. What is t(2)?
10
Let k(p) = 4*p - 3. What is k(-3)?
-15
Let h(w) = -w**2 + 6*w + 3. Calculate h(-4).
-37
Let u(d) = 22*d**2 + d - 1. Determine u(1).
22
Let g(n) = -n**2 + 21*n - 35. Give g(19).
3
Let j(b) = b**2 + 6*b + 1. Give j(-5).
-4
Let z(w) = -w + 22. What is z(16)?
6
Let d(h) = 3*h + 27. What is d(-12)?
-9
Let u(s) = -s**2 - 24*s - 1. Calculate u(-24).
-1
Let m(f) = -22*f - 12. Calculate m(-6).
120
Let j(y) = y**2 - 26*y + 6. Determine j(26).
6
Let i(f) = -f**2 + 16*f + 9. Calculate i(16).
9
Let g(w) = -w**3 - 4*w**2 + 6*w - 4. Determine g(-5).
-9
Let o(a) = -3*a**2 + 128*a + 175. What is o(44)?
-1
Let m(c) = -4*c**2 + 2*c + 12. What is m(-2)?
-8
Let r(u) = -5*u + 7. What is r(8)?
-33
Let n(d) = 5*d + 2. Calculate n(8).
42
Let d(j) = -2*j**2 + 2*j + 2. What is d(0)?
2
Let h(c) = 19*c - 10. Determine h(2).
28
Let j(d) = -4*d + 8. Calculate j(-2).
16
Let u(s) = 5*s - 80. Give u(19).
15
Let k(y) = y**3 + 6*y**2 + y - 3. Calculate k(-5).
17
Let j(f) = 5*f - 9. Determine j(2).
1
Let i(p) = -2*p**2 - 8*p + 7. Give i(-4).
7
Let h(g) = 4*g - 5. Calculate h(4).
11
Let w(l) = l**3 + 8*l**2 - 10*l + 60. What is w(-10)?
-40
Let v(f) = -f**3 + 22*f**2 - 21*f. What is v(21)?
0
Let z(v) = v**3 - 11*v**2 + 14*v - 8. What is z(10)?
32
Let c(d) = d**3 + 6*d**2 - 12*d - 39. Determine c(-7).
-4
Let o(h) = -h**3 - 6*h**2 + 2*h - 3. What is o(-5)?
-38
Let a(i) = -19*i - 424. Give a(-22).
-6
Let y(g) = 8*g + 60. Give y(-8).
-4
Let m(k) = 2*k - 14. Determine m(5).
-4
Let x(g) = g**2 + g + 12. What is x(0)?
12
Let x(u) = -u - 3. What is x(9)?
-12
Let q(m) = m + 9. Give q(-13).
-4
Let b(w) = 3*w**2 + w - 1. Give b(-2).
9
Let i(p) = -2*p**2 - 24*p - 19. Calculate i(-11).
3
Let y(b) = b**3 - 9*b**2 + 8*b + 4. What is y(8)?
4
Let z(o) = o**2 - 7*o - 1. Calculate z(6).
-7
Let t(u) = 172*u - 1552. What is t(9)?
-4
Let i(r) = -r**3 - 7*r**2 - 6*r + 2. Calculate i(-6).
2
Let n(f) = -4*f - 1. What is n(-2)?
7
Let d(m) = 3*m - 24. What is d(8)?
0
Let r(h) = 7*h**2 - 5*h + 11. Determine r(5).
161
Let l(n) = n**3 + 30*n**2 - 30*n + 18. Calculate l(-31).
-13
Let s(g) = g**3 - 3*g**2 - 41*g + 9. Calculate s(8).
1
Let i(m) = -m**2 + 27*m + 80. Calculate i(30).
-10
Let u(v) = -2*v - 14. Determine u(0).
-14
Let d(h) = -6*h**3 - 3*h - 4. Determine d(-1).
5
Let u(c) = 7*c**3 + 2*c**2 - 8*c - 9. Calculate u(-1).
-6
Let n(u) = -u**3 + 9*u**2 - 14*u - 9. Determine n(7).
-9
Let m(c) = 6*c - 12. Calculate m(8).
36
Let m(q) = 12*q + 36. Calculate m(-6).
-36
Let r(f) = f**2 - 4*f + 6. Determine r(7).
27
Let k(q) = q**3 - 10*q**2 + 13. Determine k(10).
13
Let n(z) = -z**3 + 15*z**2 - 3*z + 31. Determine n(15).
-14
Let c(t) = 3*t + 4. Give c(-3).
-5
Let f(z) = -2*z**2 - z - 8. Determine f(-5).
-53
Let f(q) = q - 9. Give f(-12).
-21
Let w(v) = -46*v + 132. What is w(3)?
-6
Let c(r) = 33*r + 424. What is c(-13)?
-5
Let k(n) = -2*n**2 + 2*n + 54. What is k(7)?
-30
Let i(h) = 3*h**2 + 37*h + 23. What is i(-11)?
-21
Let x(f) = -15*f**2 - 7*f - 6. Calculate x(-1).
-14
Let i(s) = 2*s**2 - s - 9. What is i(-3)?
12
Let d(b) = b**3 - 17*b**2 + b - 11. Give d(17).
6
Let r(k) = -4*k. Calculate r(5).
-20
Let m(s) = s**3 - 18*s**2 + 12*s + 5. Calculate m(17).
-80
Let q(b) = -b**2 - b + 10. Give q(-4).
-2
Let f(l) = -7*l + 8. Give f(10).
-62
Let i(n) = 25*n - 647. Determine i(26).
3
Let i(x) = 8*x**2 - 37*x - 8. Calculate i(5).
7
Let h(g) = -g**3 + 3*g - 3. Determine h(4).
-55
Let w(i) = i**3 + 5*i**2 - 14*i + 4. Give w(-7).
4
Let d(b) = 7*b - 5. Determine d(3).
16
Let c(k) = -8*k + 81. Calculate c(10).
1
Let f(q) = q**3 - 7*q**2 - 7*q + 13. Calculate f(8).
21
Let f(b) = b**3 + 13*b**2 + 31*b - 1. Calculate f(-6).
65
Let k